se 3*f = 2*f, -3*n + 507 = f. Let d = 822 - n. Is d a prime number?
True
Suppose 994 = -5*b + 129. Let o = -122 - b. Is o prime?
False
Let c(r) = -210*r + 1. Is c(-1) prime?
True
Let w be 0 + (9 - (-3 - -3)). Let i = -6 + w. Is 15 - (3 + 0)/i composite?
True
Let d(p) = -p + 9. Let z be d(7). Suppose g + 4*a = 22, 3*a + z*a - 17 = 4*g. Suppose 3*q - f = 66, 3*f - 17 = -g*q + 16. Is q a composite number?
True
Suppose 4*z - 81 = -5*i, -3*z + 40 = 3*i - 17. Suppose x - 91 = -z. Is x a composite number?
True
Let a = 11 - 11. Suppose a*r + 28 = 2*r. Is r a prime number?
False
Let y be (-3)/(-7)*(15 - 8). Suppose 0 = 4*c - 3*c - 4. Suppose 0 = b - y*b - 4*m + 394, c*b = 5*m + 814. Is b composite?
True
Let p be 5/(-10)*(0 - 0). Let h = -3 - -4. Is h/((-3)/(-39) + p) a composite number?
False
Let f = 15 + 236. Is f prime?
True
Let y(v) = -v**3 - 7*v**2 - 6*v - 3. Let t be y(-6). Let c be (1/2)/(t/(-78)). Let p = c + -3. Is p composite?
True
Suppose -2*v + 3*v + 12 = 0. Is (-610)/v - (-2)/12 a composite number?
True
Suppose -3*j + 0*j - 5*m + 344 = 0, 3*j + m = 364. Suppose 312 = 5*q - j. Is q composite?
True
Suppose 0 = 4*l + 5 + 15, 2*d - 3*l = 1. Let v = -5 - d. Suppose -v*u + 58 = -28. Is u prime?
True
Let y(o) = -o**2 + o + 55. Suppose 0 = p + 3*j + j - 8, 3*p - 10 = -5*j. Is y(p) a composite number?
True
Let u(g) = 250*g**2 + 2*g + 1. Is u(-1) composite?
True
Suppose -5*o + 339 - 94 = 0. Is o composite?
True
Let s(t) = 8*t**2 + 68*t + 7. Is s(-9) prime?
True
Let m = -50 - -70. Suppose 0 = 3*i - 2*i + 3, -3 = a + 4*i. Let j = m - a. Is j composite?
False
Suppose -3*i + 53 + 162 = -2*f, i + f = 65. Is i a prime number?
False
Suppose -2*x = -2*l + 162, 4*l + 3*x - 336 = x. Is l a composite number?
False
Let t = 342 - 203. Is t a composite number?
False
Suppose -j + 532 = -3*j. Let y = 425 + j. Is y a composite number?
True
Let g = 728 + -511. Is g a prime number?
False
Suppose 0 = 3*u - 5*a + 188, a = 4*u - 2*a + 258. Let o = 11 - u. Is o a composite number?
True
Let u be 2*22/4*28. Is (10/8)/(7/u) composite?
True
Let z be (2/(-5))/((-1)/5). Suppose 3*l = z*l + 255. Suppose -2*s = 3*s - l. Is s prime?
False
Suppose -3*i + l = -11, -5*i + 3 + 2 = l. Suppose 78 = 5*r - i*r. Is r a composite number?
True
Is 20/(-35) + 1842/14 a composite number?
False
Suppose 3*t = -4*i + 5159, 0 = -i - 5*t + t + 1280. Suppose 436 = -4*r + i. Is r prime?
False
Let c(l) = -16*l - 6. Is c(-7) a prime number?
False
Let n = 3057 + -2078. Is n a composite number?
True
Let s be 115 + 5 + 0/(-2). Suppose 100 = 4*x - s. Is x a composite number?
True
Let c(s) = -2*s**3 - 11*s**2 - 6*s - 10. Let k be c(-10). Let a be 4/16 + k/8. Suppose 0 = -5*b - d + 261 + 302, -3*d = -b + a. Is b composite?
False
Suppose 388 = b + 3*b. Is b composite?
False
Let k(c) = -27*c**2 + 115*c**2 - c - 1 + 51*c**2. Is k(-1) prime?
True
Suppose 3*o + x + 4*x - 886 = 0, 4*x - 20 = 0. Is o composite?
True
Suppose 7*z - 8*z = -2. Suppose -3*s = z*s - 235. Is s prime?
True
Suppose -3*j + 3430 = 2*o, j - 1255 + 8087 = 4*o. Is o a composite number?
False
Is (-6)/(-15) + (-110515)/(-25) composite?
False
Let m be (-4)/(-8) + (-1)/(-2). Let h(r) = 47*r**2 - r**2 - 4 + 5. Is h(m) a prime number?
True
Suppose -844 = -2*u - 2*u. Is u a composite number?
False
Suppose 0 = b + 1, 2*m - 48 = -5*b + b. Is 542/m + (-2)/(-13) composite?
True
Let g = 1418 - 21. Is g a prime number?
False
Let a = 1 - -2. Suppose 10 = -a*p + 52. Is p a composite number?
True
Suppose 5*l + 4*y - 1480 = l, -3*l - y = -1112. Is l a composite number?
True
Suppose 3*r + 999 = -u, 0*r - 4*r = -2*u - 1958. Is ((-4)/12)/(1/u) a composite number?
True
Suppose -g + 24 + 16 = -4*o, 0 = 3*g - 4*o - 144. Let j = g + -368. Let d = -167 - j. Is d a composite number?
False
Let q = -3 + 3. Suppose -o + 309 = -2*y, 4*o + q*y + 5*y = 1223. Suppose -4*v + 40 + o = 5*m, -v + 2*m + 77 = 0. Is v a prime number?
True
Let f(r) = -4*r**3 - 4*r**2 + 13*r - 16. Is f(-7) composite?
False
Let b = 383 - 251. Suppose b = -w + 2*w. Suppose -94 = -2*o + w. Is o composite?
False
Suppose 2*l - 7 = -3*p, -3*l + p = -l - 3. Suppose -l*k - 8 = -2*x, 3*k = 3*x + 2*k - 10. Suppose 6*g - 39 = x*g. Is g a composite number?
False
Let l be 2062/(-6) + (-1)/3. Let d = l + 535. Is d prime?
True
Suppose 0 = -2*f + 130 + 448. Is f composite?
True
Let b(f) = f**3 + 7*f**2 + 7*f + 8. Let z be b(-6). Let g(r) be the third derivative of 2*r**5/15 + r**4/24 - r**3/6 + 2*r**2. Is g(z) a composite number?
True
Let v(s) = -5*s - 5. Let x(r) = -r. Let m(g) = v(g) - 2*x(g). Is m(-6) composite?
False
Suppose -5*u + 10*u = 7655. Is u prime?
True
Suppose 0 = 2*u + 3*u - 20. Suppose -3*w = 3*h - 56 - 94, 4*h = u*w + 224. Is h prime?
True
Suppose -3*m = -3 - 3. Suppose -f + 111 = m*f. Is f prime?
True
Let y(j) = 15*j**3 + j**2 + 3*j - 6. Is y(4) a prime number?
False
Is 90/1 - (-11 - -12) prime?
True
Suppose 0 = 5*r - 3*r + 6. Let i be (-1 - (-6)/r)/(-1). Suppose 21 = i*c + 4*h - 32, -3*c + 4*h = -61. Is c a composite number?
False
Let n = 168 + 1418. Suppose 0 = -2*p - d + 1571, -2*p + n = -2*d - 2*d. Is p a prime number?
True
Suppose n = -5*v + 311, 4*n + 5*v + 275 = 1579. Is n prime?
True
Let m = -1 + -1. Let k be (-26)/(-2) + m - 2. Suppose -b = o - 9, 3*o - 6*b = -3*b + k. Is o composite?
True
Let y = 136 + 123. Is y a prime number?
False
Suppose -4*h = 3*b - 4*b + 67, 0 = -2*b + 2*h + 128. Let o = b + -35. Suppose o = 2*p + 2. Is p prime?
True
Suppose -385 - 507 = -2*b. Is b prime?
False
Suppose 198 = -b - 48. Let i = -159 - b. Is i prime?
False
Let b(x) = -x**3 + 15*x**2 - 15*x + 13. Is b(12) a prime number?
False
Let n(g) = g**3 + 2*g**2 + 9*g - 1. Is n(6) a prime number?
False
Suppose -69 = 4*n - 2609. Is n a prime number?
False
Let v = 17376 - 10061. Is v/25 + (-2)/(-5) prime?
True
Let y(a) = -a + 7. Let u be y(3). Suppose -2*v = u*d + 4, -3*v + 31 = v - 5*d. Suppose v*i - 2*i - 20 = 0. Is i a composite number?
True
Suppose 1636 = -6*c + 13750. Is c composite?
True
Let j(u) = u**2 - 9*u + 8. Let w be j(8). Let m = w - 1. Let x = m + 36. Is x prime?
False
Let d = -17 + 12. Let h(i) = -2*i**3 - i**2 - 2. Is h(d) composite?
False
Let u(o) = o**3 - 2*o - 1. Let n be u(2). Suppose 16 - n = w. Is w prime?
True
Suppose -3*p = -5*k + 25, 4*p + 2 = -4*k + 2*p. Suppose 2*n + 5*z = 501, -3*z + k*z - 794 = -3*n. Suppose 122 = 5*t - n. Is t a prime number?
False
Let u(k) = k**3 - 10*k**2 - 13*k + 7. Is u(12) a prime number?
True
Is (0 - (-9908)/(-6))*(-12)/8 a prime number?
True
Let q = 6 + 521. Is q composite?
True
Is (0 + -1)*886/(-2) a prime number?
True
Let j(y) be the third derivative of 35*y**4/24 + 3*y**2. Is j(1) a prime number?
False
Suppose -4*n + n + 699 = 0. Is n a prime number?
True
Suppose 3*g = 5*n + 379, 0 = -2*n + g + g - 154. Suppose 4*b = -2*h + 602, 5*h + 2 + 3 = 0. Let o = n + b. Is o a composite number?
True
Let x(j) = -j**3 + 7*j**2 + 12*j - 6. Let h be x(8). Let z = -1 + h. Is z composite?
True
Let x(z) = 179*z + 12. Is x(11) prime?
False
Suppose -3*w + 804 = 9. Is w composite?
True
Suppose -3*x = -2*f - 4693, 0*x - 3*f = -2*x + 3122. Is x prime?
True
Suppose f - 2*a = -15, -4*a + 23 = -0*f - f. Let x be (-6)/(-21) + (-180)/f. Let j = -16 + x. Is j a composite number?
True
Suppose -4*d + 4*y = -1180, -5*y + 0*y - 1182 = -4*d. Is d a composite number?
False
Let c(d) = 3*d**2 + 2*d - 6. Is c(-7) a composite number?
False
Suppose 5*o = -5, -2 - 3 = -4*n - 3*o. Suppose r = -2*y + 1, -n*r = -4*r - 10. Suppose 5*i + 6*m - y = 2*m, 2*i + 3 = -3*m. Is i prime?
True
Suppose 4*z + 7 + 5 = -3*v, 0 = -2*v + 3*z + 9. Suppose -a + 5*p = p - 273, 4*a - 2*p - 1162 = v. Is a a composite number?
False
Suppose 2*p - 4*p + 564 = 0. Let g = -87 + p. Suppose -y + g = 4*y. Is y prime?
False
Let b(n) = n**3 - 11*n**2 - 6*n - 15. Is b(12) a composite number?
True
Suppose u + 5 = 2*u + g, 0 = 5*u - 2*g + 3. Suppose -3*w = -4*w + u. Suppose -f + w = 0, -3*k = -5*f + 2*f - 72. Is k composite?
True
Suppose -9 + 21 = 3*n. Suppose -n*p + 0*p + 268 = -4*j, 3*j + 2*p = -181. Let r = -29 - j. Is r a prime number?
False
Let g = 6 + 4. Suppose -g = -5*n - 5*y, -y = y. Suppose -n*p - 130 = -4*p. Is p prime?
False
Is (-13810)/(-12) + (-1)/(-6) prime?
True
Let w = -4 - -4. Let o = -28 - w. Is (-8)/o - (-68)/7 prime?
